5*w(p). Calculate d(-1).
-33
Let i(a) = -21*a**3 - 3*a**2 - 9*a + 7. Let b(q) = -11*q**3 - 2*q**2 - 5*q + 4. Let o(h) = -7*b(h) + 4*i(h). Let y = 3 + -3. Suppose 2*f - 2 = -y. What is o(f)?
-6
Let f(m) = -m**2 + 7*m - 2. Let a be ((-225)/6 + 0)*56/(-42). Let g be (-67)/(-13) - a/325. Determine f(g).
8
Let m(t) = 10 - 2*t - 13 + 2 - 16*t**2. Calculate m(-1).
-15
Let s(l) = -l**3 + 9*l**2 - 7*l - 14. Suppose 3*b - q = 27, 2*b - 6*b = 7*q - 11. What is s(b)?
-6
Let u(j) = j**3 - 31*j - j**2 + j**2 + 30*j. Let a(x) = -2*x**3 - 4*x**2 - x - 5. Let n(o) = -a(o) - 3*u(o). What is n(5)?
0
Suppose -16*q - 2*q = -72. Let j be (1 - (-2)/(q/(-5)))*2. Let t(o) = o**3 + 4*o**2. What is t(j)?
9
Let r(b) = -b**2 + b + 6. Let n = -13 - -27. Suppose -5*x - n = -3*x. Let w = 7 + x. What is r(w)?
6
Suppose 3*a - 125 = 5*a + 3*l, -5*a + l = 355. Let m = a - -70. Let h(q) = -q - 30. Calculate h(m).
-30
Let i(p) = 10*p. Let n(b) = b**2 - b - 2. Let k be n(-2). Suppose 5*c - c = -k. Calculate i(c).
-10
Let a(m) = -m**2 + 20*m - 104. Let d be a(10). Let g be 1 + (5 - 3/3). Let c(k) = k**3 + 4*k - g*k + 5*k**2 + 4 + 3*k. Determine c(d).
12
Let d(l) = -3*l**2 + 21*l - 1. Let r(c) = 2*c**2 - 15*c + 1. Let p(x) = -3*d(x) - 4*r(x). Give p(6).
17
Let f be 2/7 + 940/140. Let u be 19/(-3) - f/(-21). Let w(d) = d**2 + 3*d - 8. Determine w(u).
10
Let t(w) = 5*w + 14. Let r(n) = -5*n - 11. Let s(a) = 5*r(a) + 4*t(a). Give s(5).
-24
Let i = -67 - -66. Let z be i/(2 + 18/(-10)). Let y(g) = -2*g - 6. Give y(z).
4
Let r(o) be the first derivative of o**3/3 + o**2/2 - 13*o - 533. What is r(-5)?
7
Let z be (1 + 4)*(2 - (-228)/15). Let i = -96 + z. Let f(p) = p**2 + 11*p + 12. Calculate f(i).
2
Let h(k) = 17*k**3 - k**2 + 2*k - 1. Let x(y) = -y**2 + y - 1. Let f(r) = h(r) - x(r). Let w be (-2 - 1)/(5 - 8). Give f(w).
18
Suppose 0 = -7*n + 12*n + 55. Let a(l) = -l**2 - 13*l - 25. What is a(n)?
-3
Suppose 4*p = -4*h + 24, 3*h + h + 53 = 3*p. Let r(g) = -g + 1. Determine r(p).
-10
Let h(k) be the third derivative of k**6/120 - 2*k**5/15 + k**4/24 - 3*k**2 + 15*k. Suppose -3*q = 2*q - 40. What is h(q)?
8
Let b = 2383 - 2371. Let o(n) = n**2 - 16*n + 40. What is o(b)?
-8
Let w(b) = -20*b**3 - 35*b**2 - 11*b + 43. Let y(v) = 7*v**3 + 12*v**2 + 4*v - 15. Let h(q) = -6*w(q) - 17*y(q). Determine h(-6).
9
Let b(z) be the third derivative of z**5/60 - z**4 + 29*z**3/6 + 334*z**2. What is b(22)?
-15
Let v(t) be the third derivative of -t**7/420 + t**6/720 - 41*t**5/60 - 10*t**2. Let d(g) be the third derivative of v(g). What is d(2)?
-23
Let j(z) be the third derivative of 26*z**2 + 7/60*z**5 + 0 + 1/6*z**3 + 0*z + 0*z**4. Calculate j(-1).
8
Let j(q) = q**3 - 6*q**2 - 10*q. Let f(s) = s**3 - 5*s**2 - 9*s + 1. Let v = -15 - -18. Let m(u) = v*j(u) - 4*f(u). Calculate m(4).
-12
Let k(t) = 2*t**2 + 4*t - 4. Let q = 252 + -258. Calculate k(q).
44
Let p = -30 - -36. Let m = p - 11. Let k(d) be the third derivative of -d**4/8 - 5*d**3/6 - 3*d**2. Calculate k(m).
10
Let m(n) = -2*n**3 - n**2 + 2*n + 2. Let y be (-5 - -1) + 1 - (-8 + 7). Calculate m(y).
10
Let q(h) = -4*h + 3. Let g be 3 + 14 + -8 - 19. Determine q(g).
43
Let r(q) = -2*q + 14 - q**3 - 24 + 13 - 7*q**2 - 4*q. Give r(-5).
-17
Let u(n) = n**2 + n - 9. Let m be u(5). Let x(f) = 3*f + 3. Let d be x(5). Let o = d - m. Let b(w) = w**2 - 2*w - 3. Give b(o).
12
Let j(q) = -21*q + 20*q + 8 - 10. What is j(12)?
-14
Let o be -6*3/36*(-108)/(-3). Let q(a) = a**2 + 19*a - 18. What is q(o)?
-36
Suppose 2*j = 40 - 8. Suppose y = 3*y - 24. Let f = j - y. Let q(v) = v**2 - 2*v - 4. Determine q(f).
4
Let f = -22 - -27. Let m = 0 - 5. Let k be (6/m)/((-2)/f). Let z(i) = 2*i**2 - 5*i + 3. Give z(k).
6
Let j be (-12)/4 + (7 - 2). Let h(f) = 2 + 2 - 4 + 1. Let k(o) = 5*o + 3. Let v(r) = -h(r) + k(r). Determine v(j).
12
Suppose 0 = -a - 5*u + 4, -2*a - 5*u + 5 = 2. Let f be (-1)/4 - a - 90/(-40). Let z(c) = -6*c + 1. Determine z(f).
-17
Let r(g) = -5*g + 1. Let h(u) = u**2 + 2*u - 2. Let s be h(-4). Let k be -1 + -6*3/s. Let p = k - -5. Give r(p).
-4
Let p(f) = f**2 - 6*f + 2. Suppose -5*l = -5*i - 20, 2*i - l = -3*l + 8. Let s = 4 + i. Suppose s*k = -0*k + 24. Determine p(k).
2
Let y(l) be the first derivative of -l**3 + 3*l**2/2 + 3*l + 9. Let m = -101 - -99. Determine y(m).
-15
Let b(k) = -k**3 + 8*k**2 - 9*k + 3. Suppose 0*z = -24*z + 144. Determine b(z).
21
Let d(o) = -3*o - 4. Suppose 2*h - 3*h + 2*c + 8 = 0, -4 = -h + c. Suppose -5*k + 19 = -2*r, k - 8 = -h*r - r. Determine d(r).
-13
Let r(j) = j. Let h(c) = -8*c - 8. Let t(u) = h(u) + 5*r(u). Let y be t(-4). Suppose y*z = 7*z - 12. Let p(s) = s**2 - 4*s. Determine p(z).
0
Let g(v) = v**2 - 6*v + 5. Let l be (-3 - -11 - 1)*(-12)/(-14). Give g(l).
5
Let z be 24/(-6) - (6 - 2). Let u be (4/(-2))/(z/12). Let a(p) = -5*p**2 - 3*p**2 + 6*p**2 + u*p**2 + 10*p**3. Calculate a(-1).
-9
Let q(x) be the second derivative of x**3/3 - 3*x**2 - 5*x. Suppose 0*p = -p + 4. Let s be (p/(-8) + 1)*12. Give q(s).
6
Let w(i) = -3*i + 4. Let a(r) = 2*r - 13. Let o = 4 + -14. Let l = 18 + o. Let t be a(l). What is w(t)?
-5
Let n(y) = -5*y**2 + 2*y - 2. Let x(q) = -4*q**2 + q - 2. Let i(g) = -6*n(g) + 7*x(g). Let a be -1 + (-14 - -19)*(3 + -2). Calculate i(a).
10
Let s(h) = 10 + 2*h**2 + 0 - 7 - 2*h. Let w be s(1). Let i(o) = -o. Give i(w).
-3
Suppose 78*t = 47 + 109. Let i be (-1)/((-6)/(-4))*-6. Let g(p) = i*p**2 - 4*p**t + p - p**2. Calculate g(0).
0
Suppose 12 = 4*j + 4*d, 16*d - 19*d - 31 = -2*j. Let w(m) = -m**3 + 8*m**2 + m - 10. Determine w(j).
-2
Suppose -2 - 16 = 3*o. Let l(i) be the third derivative of i**6/120 + i**5/10 - i**4/24 - 2*i**3/3 - 324*i**2. Determine l(o).
2
Let j(o) = o**2 - o + 17. Suppose 14*y = y. Give j(y).
17
Let x = 543 + -545. Let t(p) = -3*p + 2. What is t(x)?
8
Let x = -92 + 100. Let b(m) = -m**3 + 7*m**2 + 6*m + 11. Give b(x).
-5
Let q(f) be the second derivative of f**4/12 + f**3 + f**2 + 9*f. Let i(o) = o**3 + 2*o**2 + 4*o + 2. Suppose 5*c = -13 + 3. Let u be i(c). Give q(u).
2
Let u(r) = r**3 - 5*r**2 + 2*r - 7. Let p(m) = 6*m**3 - 28*m**2 + 11*m - 33. Let x(l) = 2*p(l) - 11*u(l). Calculate x(0).
11
Let t(y) = -y**3 + 5*y**2 + 12*y - 21. Let f(h) = -h**3 + 5*h**2 + 13*h - 24. Let c(w) = -6*f(w) + 7*t(w). Let z be 4 + 3 + 0 + -1. Give c(z).
-3
Let r(p) be the second derivative of 0 - 9*p - 4*p**2 + 1/2*p**3. Give r(7).
13
Let r(d) = -7*d. Let v be r(-1). Let o(k) = k**2 - 9*k + 16. What is o(v)?
2
Let v(d) = 2*d + 5*d**3 - 4*d**2 - 1 - 5*d - 6*d**3. Let z = -5 - -10. Let w = -8 + z. Determine v(w).
-1
Let u(m) be the first derivative of -m**2/2 + 8*m + 512. Give u(13).
-5
Let s(l) = -4*l**2 + l. Let n(t) = -7*t + 229. Let b be n(33). What is s(b)?
-18
Let p(r) be the third derivative of 4*r**6/15 + r**5/60 + r**4/12 + r**3/6 - 23*r**2. Give p(-1).
-32
Let s(n) = -n**2 - 17*n + 24. Suppose -5*v + 4*x - 103 = 0, -12*x + 10*x - 53 = 3*v. What is s(v)?
-14
Suppose -21*d - 8 = -8. Let n(b) = b - 29. Calculate n(d).
-29
Let r(m) be the first derivative of m**5/15 + m**4/12 + 4*m**3 + 13. Let l(x) be the third derivative of r(x). What is l(-2)?
-14
Let d(p) = 2*p + 3*p + 13 - 12. What is d(-3)?
-14
Let v(c) = 4*c + 4 + 21*c**2 - 26*c**2 + 7*c**2 + 4 + 3. Calculate v(-4).
27
Let c(n) = -n + 1. Let l be -4 - -8 - (4 - -2). Let a = l + 2. Determine c(a).
1
Let g be (3*(-6)/45)/(4/(-5)). Let h(l) be the second derivative of -g*l**2 + 5*l + 1/6*l**3 + 0. Calculate h(6).
5
Let a be 25/15 + (-1)/(-3) + 0. Let h(y) = 43 + 40 + y**3 - 79 + a*y**2. Calculate h(-3).
-5
Let p(b) = -b**2 - 8*b - 4. Suppose 0 = -2*j - 4*j + 222. Let f = 33 - j. What is p(f)?
12
Let a(o) = -o - 7. Let s(w) = w**3 + 8*w**2 - 5*w + 31. Let i(f) = -5*a(f) - s(f). Determine i(-9).
-5
Let k(m) = -m**3 - 6*m**2 + 4*m + 5. Suppose -9*v = -4*v + 30. What is k(v)?
-19
Let b(w) = w**3 - w**2 - 2*w. Suppose 0 = -c - 5*s - 5, 4*s = -10*c + 13*c - 4. Calculate b(c).
0
Suppose 5*x = 4*h + 25 + 6, 0 = -3*x - 2*h + 1. Suppose -21 = 2*v - 3*v + 3*a, -2*a + 4 = 0. Let n(m) = -18 - v + 3*m + 44. What is n(x)?
8
Let o = -2333 + 2334. Let t(z) = 11*z + 1. Give t(o).
12
Let p(r) = 2*r**2 - 208*r + 602. Let n be p(101). Let i(m) = m**3 + 5 + 2*m + 3*m + 5*m**2 - m. Calculate i(n).
5
Let x(f) be the first derivative of -f**4/4 + 4*f**3 + f**2/2 - 11*